ue of (-6 + -2 - ((0 - 2) + -21)) + -6?
9
What is 1 + -22 + 46 + (-47 - -5)?
-17
What is the value of -2 + 18 + (-86 - -74) + (13 - -2)?
19
(6 - 0 - (-1 + 1)) + (-1 - -8)
13
What is 8 + -7 - 4 - (16 - 33)?
14
What is the value of -10 + -7 + 5 - -4?
-8
What is -1 + 39 + (537 - 560)?
15
Evaluate (2 - (3 - 32) - (2 - 0)) + -6.
23
Calculate 1 + 3 + (6 - (-3 - (-9 + -3))).
1
Evaluate -16 + 17 + (0 - -8) + 3 + -5.
7
Evaluate 9 + (6 - 23) + 15.
7
Calculate (-1 - (-4 + 3)) + 0 + -2.
-2
Calculate -8 + (12 - 19) + 9.
-6
Calculate -56 - -31 - (-5 - 19).
-1
What is 17 - (-17 - -29) - 21?
-16
What is 23 - (-1 + (2 - -1) + 17 + -16)?
20
What is 0 + 17 + -23 + (-2 - -6)?
-2
What is the value of 16 + (0 - -3) + (-15 + 16 - 12)?
8
Evaluate 3 - (5 + -2 - 1).
1
(112 - 79) + 1 + 0 + -6
28
(27 - 32) + 22 - 26
-9
What is the value of -6 + 24 + 45 + -14 + -12 + -10?
27
What is the value of 12 + -8 - 7 - (8 - 5)?
-6
-7 + -1 + 13 - -7 - 1
11
What is 0 + (14 + -11 + -5 - -11)?
9
Evaluate 22 + 33 + -39 + -7.
9
(-1 - 12) + -18 + 37
6
(-6 - -5) + (8 - 3)
4
Calculate (-1 - -4) + (16 - (-4 - -16)).
7
What is -34 + 28 - (0 - 0) - -10?
4
-138 + 147 + -2 + 0
7
What is the value of -5 + (-10 - -6) + (5 - (-2 + 1))?
-3
Evaluate 3 - (4 - -13 - (-4 + -1 + -3)).
-22
-3 - (12 - 0) - -23 - 12
-4
Evaluate -3 + 11 + -12 + (-6 - -11).
1
Evaluate -11 - (-13 + -10 + 36).
-24
Evaluate (5 - (5 + -1)) + 8 + -13 + 17.
13
Evaluate (1 - -3) + (1 - -2) + (-66 - -80).
21
-8 + (-1 - -12) + (1 - (2 + 2))
0
Calculate 4 - ((-4 - -16 - 5) + -20).
17
(278 - 271) + (2 - 5 - (0 + -1))
5
What is the value of -1 + -1 + (23 - (6 - -29))?
-14
Calculate (-14 - (-62 - -22)) + -38.
-12
Evaluate 11 - ((36 - 3) + -6).
-16
Evaluate -36 - -42 - (-15 + -13).
34
Calculate (-24 + 7 - (13 + -40)) + 7.
17
What is (117 + -38 - 31) + -14?
34
What is -23 - (-5 + -2 - (-4 - 1)) - -3?
-18
What is the value of -8 + (29 + (5 - 10) - 5)?
11
What is (8 - (12 + (7 - 7))) + 5 + 1?
2
What is the value of 5 + -41 + 296 + -276?
-16
(10 - 4 - 6) + 6 - 1
5
Evaluate 6 + -29 - (0 - 11).
-12
Evaluate -288 + 281 - (-22 + 0).
15
Calculate -2 - (-1 + 6 + -4 + -1 - 2).
0
What is the value of -1 + 0 - (-11 + (7 - -2 - 3))?
4
What is 0 + -27 + (-446 - -487)?
14
Calculate 19 - (-8 - (-51 - -20)).
-4
Evaluate -7 + -3 + (208 - 214 - (0 - 8)).
-8
What is the value of 17 + -11 + (1 - -9) + 6?
22
What is the value of (2 - 10) + 8 + 10?
10
What is the value of 16 + (7 - 4) + -12 + 3 + 22?
32
Evaluate -87 + 15 - (-58 + 21).
-35
What is (4 - -10 - -5) + -16?
3
What is (16 - (4 - 9) - 1) + -9?
11
What is (6 - 2) + -1 + (1 - (21 + -10))?
-7
What is the value of (-10 - (-17 - -2)) + -13 + 2 + 7?
1
What is the value of -17 + (16 - (-6 - -16))?
-11
Evaluate 0 - -7 - (5 - 20 - (25 + -28)).
19
What is -10 - (-19 - (-15 + 21 - 6))?
9
Calculate 13 + (-45 - (2 + -33)).
-1
Calculate -14 + (34 - 20) + -4.
-4
What is the value of (-2 - 7) + -13 + 20 + 13?
11
Calculate (-21 - -29) + (5 - 7).
6
-35 + -4 - (-75 - -29)
7
-2 - (-6 - (-4 + 9 - 3))
6
Evaluate -6 - (-3 + -1 - -1 - -1).
-4
43 + -43 + (-21 - -39)
18
What is -22 + (-20 + 20 - -13)?
-9
Evaluate (0 - -15 - 11) + (2 - -7).
13
What is (3 - (10 + -22)) + -31?
-16
What is -6 - -4 - ((27 - (10 + -6)) + -8)?
-17
-9 + 15 + (-16 - -8 - -10)
8
Evaluate -8 + 0 + (-7 + 0 + -6 - -21).
0
What is (21 - 8) + -18 + (-2 - -13)?
6
What is -5 + (11 + -3 + -3 - (1 + -5))?
4
What is 1 - (-9 + (-1 - 0) - -3)?
8
What is 17 - (9 - -7) - (2 - -25)?
-26
(-9 - -9) + (-10 - (-15 - 9))
14
What is 5 - ((24 - 16) + -23) - 16?
4
-14 - (7 + -28 + 13)
-6
(-8 - (3 + 3 - 18)) + (8 - 2)
10
What is the value of -25 + -8 + 24 + 12 + 1?
4
Evaluate -1 + -37 - (-33 + -15 + 41).
-31
What is the value of -19 - -2 - -24 - (-1 + 16)?
-8
-8 + -15 + -6 + 20
-9
Calculate -31 + (36 - -2) + (0 - -1) + -5.
3
What is (1 + 9 + -7 - 7) + -4?
-8
Evaluate (-1 + 0 - 0) + -54 + 39 + 13.
-3
3 + 1 + -5 + (12 - 19)
-8
Calculate (-34 - -29) + 3 + -10.
-12
Evaluate 13 + (-12 - -23 - 13) + -8 + 3.
6
1 - 3 - (-22 + 3 - (13 + -16))
14
What is the value of ((1 - -3) + -12 - -14) + -19?
-13
(0 - 12 - (-1 - 6)) + 3
-2
Evaluate -6 + -1 + -96 + 108.
5
Evaluate (5 - (-4 + 9) - -8) + -32 + 4.
-20
Calculate (0 - 0) + -7 + (30 - 74) + 31.
-20
What is -3 + -19 + 30 + 1?
9
(-8 - -14) + -19 - -19
6
What is the value of 1 + 5 - (-54 - (-81 - -20))?
-1
Evaluate 33 + (11 - (-9 - -38)).
15
What is (6 - (2 + 1)) + (28 + -13 - 9)?
9
-7 + 11 + -24 + (0 - 2)
-22
Evaluate (0 - 1) + 5 + 0 + 0 - 3.
1
Calculate (22 - (20 - 4)) + -29.
-23
What is the value of 3 + (4 - 0 - 4) + 6?
9
Calculate 5 + (-23 + 23 - -2).
7
Calculate (11 - 7) + -5 + (-2 - -7) + 3.
7
Calculate -4 + (-2 - 4) + (9 - 14).
-15
1 + -9 + (21 - 3) + -33 + 23
0
What is 7 + 14 + -3 + 1 + -9 - 12?
-2
What is -1 + 2 - ((-137 - -141) + (0 - 10))?
7
Evaluate 23 + -55 + 26 + -1.
-7
Calculate -26 - (-23 - (4 - 11)).
-10
What is the value of -23 + (-3 + 13 - 1)?
-14
What is the value of (17 - 6 - 15) + 1 + 16?
13
(-5 - -1) + (18 - 16) + 0 - -7
5
Calculate -71 - -66 - (1 + (-1 - 1)).
-4
Calculate -395 - -420 - (-2 - -12).
15
Evaluate 52 + 19 + -38 - 16.
17
What is the value of -1 + -2 - (16 - -18 - 30)?
-7
What is the value of 1 + 0 - (-3 - 7 - 2)?
13
Calculate 14 + -51 + 14 + 14.
-9
Calculate (-1 - 6) + -88 + 109 + 2 + -1.
15
Evaluate 26 + -12 + -11 + -3.
0
Calculate 35 + -5 - 6 - ((-5 - -15) + -8).
22
What is 9 - 2 - (8 + (-12 - -6) - 6)?
11
What is 5 - (-23 - -9) - (-1 + 11)?
9
1 + 1 + 5 + -1 - 5
1
What is the value of (11 - (-5 + 13)) + 3 - (-6 - 4)?
16
Evaluate 5 - ((-1 + -19 - -15) + 13 + -1).
-2
What is the value of 0 + -33 - (-18 - 4 - -13) - -9?
-15
Evaluate 1 + -1 + 2 + (33 - 25).
10
Calculate (6 - -8) + -4 - 14.
-4
What is 4 + -28 - 9 - -7?
-26
Calculate -41 - (-62 + -29) - (14 - -2).
34
Calculate 5 + 3 + -3 + -1 + (-2 - -3).
5
-3 + (7 + -2 - (71 + -44))
-25
What is 114 + -82 + (-18 - -5)?
19
-219 + 233 - (-1 + 28)
-13
(34 - 40) + -1 + 9 + 10
12
What is the value of (-19 - -70 - 41) + 1 + 1 + -1?
11
What is the value of (17 - (-2 - -1 - 7)) + 20 + -25?
20
Calculate -1 - (1 - 4) - (-12 - -8).
6
Calculate -12 - 13 - -8 - -4.
-13
Calculate 7 - 21 - 8 - -36.
14
Calculate (2 - 18) + (24 + 0 - 38).
-30
What is the value of 8 + (-17 - 0 - (-3 + 6 - -5))?
-17
Evaluate 2 + (-23 - 3) + 34 + (-16 - -1).
-5
What is 0 - -7 - (11 - ((-8 - 10) + 2))?
-20
What is -4 - (2 + 2) - (7 - (11 - -6))?
2
Evaluate 10 + (28 - 59 - 10).
-31
What is -4 - -24 - (26 + -56 + 18)?
32
6 - ((1 - -15) + 0)
-10
-5 + -25 + (0 - -51)
21
-11 - (33 - 34) - (3 - 5 - -12)
-20
What is 31 + (-166 - -176) + (-1 - 15)?
25
(-15 - (-31 + 16)) + 14
14
Evaluate -388 + 387 - (7 - (1 - 2)).
-9
What is 13 + -46 + 14 + 8?
-11
Calculate 7 + (9 - ((17 - 4) + 0)).
3
What is the value of (-13 - -26) + -2 + -13?
-2
What is the value of (-1 - 11) + 0 - (460 - 461)?
-11
28 - ((-2 - 16) + 20)
26
Evaluate 1 - (-2 + 36) - -36.
3
Calculate -11 - (6 + -16 + 8 + -4 - -4).
-9
Calculate (74 - 67) + (0 - -4).
11
What is the value of -13 + -5 + (11 - 17) + 14?
-10
What is the value of -1 + (-251 + 249 - (11 - 0))?
-14
Evaluate (12 + -9 - 1) + -20 + 6.
-12
Calculate 11 - ((24 - -8) + 4).
-25
Calculate 0 + 6 + 1 + (-2 + -2 - 4).
-1
Evaluate 11 + -37 + -9 + 21.
-14
(0 - (7 - 8) - (-6 - 0)) + -5
2
What is 0 - 3 - (-11 - (-4 + 19))?
23
Calculate -5 + 2 + 5 - 8 - -10 - 1.
3
Evaluate 27 - (57 + (-41 - -9)).
2
What is 4 - (5 - 0) - (3 - (0 + 1))?
-3
What is the value of 4 - (-1 + 1) - (10 - (1 + 11))?
6
(1 + -9 - -2) + 25
19
What is -48 + 55 + (-3 - -13) + (-7 - 3)?
7
What is 18 - (-10 + 8 + -27) - 16?
31
Evaluate -14 + -10 + 10 + 14.
0
Evaluate -10 + -1 - (135 + -148).
2
(36 + -38 - -25) + 4
27
Calculate (-29 - -13 - 15) + 24.
-7
13 + 1 + (50 - 83)
-19
-7 + (101 - 94) + -2 + 0
-2
Evaluate -27 + (-3 - -32) + (3 + -2 - 0).
3
What is 3 + 25 + (-12 - (12 - (-2 - -14)))?
16
Calculate 1 + 26 + 17 + (-41 - -11).
14
What is the value of (8 - 2) + -4 + (3 - 5)?
0
What is the value of (22 - (5 + 12)) + 25?
30
Evaluate 23 + (-51 + 26 - -16).
14
-23 + (-7 - -8) + 6 + 4 + 1
-11
Evaluate 5 + 0 + 2 - (160 - 153) - -12.
12
What is -20 + -6 - (-10 + (16 - 11))?
-21
-2 + -4 + 16 + -5 - 10
-5
Calculate -2 - (6 - (4 - 2) - 11 - -7).
-2
Calculate 0 - ((-10 + 11 - 10) + 31).
-22
11 - ((-7 - -6 - -11) + -8)
9
What is the value of